{"id":3429,"date":"2017-01-18T01:54:28","date_gmt":"2017-01-18T01:54:28","guid":{"rendered":"http:\/\/demo.yolotheme.com\/dummy\/bestruct\/?page_id=3429"},"modified":"2025-01-19T03:18:08","modified_gmt":"2025-01-19T03:18:08","slug":"portfolio2","status":"publish","type":"page","link":"https:\/\/www.sglconstrucoes.pt\/inicio\/portfolio2\/","title":{"rendered":"Portf\u00f3lio"},"content":{"rendered":"<p>[vc_row layout=&#8221;wide&#8221; css=&#8221;.vc_custom_1737256608234{padding-bottom: 50px !important;}&#8221;][vc_column]<div class=\"portfolio-container\">\n  <div class=\"portfolio overflow-hidden   paging\"  id=\"portfolio-6a04841f91f5d\">\n      <!-- Portfolio Filter -->\n            <div class=\"portfolio-tabs clearfix category\">\n            <div class=\"tab-wrapper line-height-1 center\">\n      <ul class=\"style_1 \">\n        <li class=\"active\">\n          <a  class=\"isotope-portfolio ladda-button bestruct-button style2 button-dark button-2x active\"\n              data-section-id    =\"6a04841f91f5d\"\n              data-category      =\"\"\n              data-overlay-style =\"icon\"\n              data-source        =\"\"\n              data-portfolio-ids =\"\"\n              data-group         =\"all\" \n              data-filter        =\"*\"\n              data-thumbnail     =\"default\"\n              data-tag           =\"\"\n              data-current-page  =\"1\"\n              data-offset        =\"0\"\n              data-post-per-page =\"8\"\n              data-order         =\"DESC\"\n              data-column        =\"4\"\n              data-show-paging   =\"\"\n              data-style         =\"zoom-out\" \n              data-spinner-color =\"#fff\"\n              href               =\"javascript:;\">\n              Todos          <\/a>\n        <\/li>\n                <li class=\"\">\n          <a  class=\"isotope-portfolio ladda-button bestruct-button style2 button-dark button-2x \"\n              href               =\"javascript:;\" \n              data-section-id    =\"6a04841f91f5d\"\n              data-category      =\"instalacoes\"\n              data-overlay-style =\"icon\"\n              data-source        =\"\"\n              data-portfolio-ids =\"\"\n              data-group         =\"instalacoes\"\n              data-filter        =\".instalacoes\"\n              data-thumbnail     =\"default\"\n              data-tag           =\"\"\n              data-current-page  =\"1\"\n              data-offset        =\"0\"\n              data-post-per-page =\"8\"\n              data-order         =\"DESC\"\n              data-column        =\"4\"\n              data-show-paging   =\"\"\n              data-style         =\"zoom-out\"\n              data-spinner-color =\"#fff\">\n              Instala\u00e7\u00f5es          <\/a>\n        <\/li>\n                <li class=\"\">\n          <a  class=\"isotope-portfolio ladda-button bestruct-button style2 button-dark button-2x \"\n              href               =\"javascript:;\" \n              data-section-id    =\"6a04841f91f5d\"\n              data-category      =\"redes-de-gas\"\n              data-overlay-style =\"icon\"\n              data-source        =\"\"\n              data-portfolio-ids =\"\"\n              data-group         =\"redes-de-gas\"\n              data-filter        =\".redes-de-gas\"\n              data-thumbnail     =\"default\"\n              data-tag           =\"\"\n              data-current-page  =\"1\"\n              data-offset        =\"0\"\n              data-post-per-page =\"8\"\n              data-order         =\"DESC\"\n              data-column        =\"4\"\n              data-show-paging   =\"\"\n              data-style         =\"zoom-out\"\n              data-spinner-color =\"#fff\">\n              Redes de g\u00e1s          <\/a>\n        <\/li>\n                <li class=\"\">\n          <a  class=\"isotope-portfolio ladda-button bestruct-button style2 button-dark button-2x \"\n              href               =\"javascript:;\" \n              data-section-id    =\"6a04841f91f5d\"\n              data-category      =\"reservatorio\"\n              data-overlay-style =\"icon\"\n              data-source        =\"\"\n              data-portfolio-ids =\"\"\n              data-group         =\"reservatorio\"\n              data-filter        =\".reservatorio\"\n              data-thumbnail     =\"default\"\n              data-tag           =\"\"\n              data-current-page  =\"1\"\n              data-offset        =\"0\"\n              data-post-per-page =\"8\"\n              data-order         =\"DESC\"\n              data-column        =\"4\"\n              data-show-paging   =\"\"\n              data-style         =\"zoom-out\"\n              data-spinner-color =\"#fff\">\n              Reservat\u00f3rio          <\/a>\n        <\/li>\n              <\/ul>\n    <\/div>\n        <\/div>\n            <!-- End Portfolio Filter -->\n\n      <!-- Portfolio Wrapper -->\n      <div class=\"portfolio-wrapper bestruct-col-md-4 col-padding-20 default hover-dir-on\"\n          data-section-id=\"6a04841f91f5d\"\n          id=\"portfolio-container-6a04841f91f5d\"\n          data-columns=\"4\">\n          \n          \n<div class=\"lightGallery-js portfolio-item hover-dir reservatorio  hover-align-center\">\n    <!-- Title top -->\n    \n    <div class=\"entry-thumbnail icon-only effect_5\">\n    <img loading=\"lazy\" decoding=\"async\" width=\"400\" height=\"400\" src=\"https:\/\/www.sglconstrucoes.pt\/inicio\/wp-content\/uploads\/2016\/12\/1-400x400.jpg\" alt=\"Reservat\u00f3rio a\u00e9reos\"\/>\n    <div class=\"entry-thumbnail-hover p-bg-rgba-color\">\n        <div class=\"entry-hover-wrapper\">\n            <div class=\"entry-hover-inner\">\n                                    <a class=\"item\" data-src=\"https:\/\/www.sglconstrucoes.pt\/inicio\/wp-content\/uploads\/2016\/12\/1.jpg\" title=\"702\">                        <i class=\"fa fa-search\"><\/i>                    <\/a>\n                            <\/div>\n        <\/div>\n    <\/div>\n\n<\/div>\n\n    <!-- Title bottom -->\n        <div class=\"portfolio-title-wrap bottom\">\n        <a href=\"https:\/\/www.sglconstrucoes.pt\/inicio\/portfolio\/reservatorio-aereos\/\" class=\"portfolio-title\">Reservat\u00f3rio a\u00e9reos<\/a>\n        <div class=\"portfolio-tag\"><\/div>\n    <\/div>\n    \n    <!-- @TODO: process media type -->\n    <div style=\"display: none\">\n    <\/div>\n<\/div>\n\n          \n          \n<div class=\"lightGallery-js portfolio-item hover-dir reservatorio  hover-align-center\">\n    <!-- Title top -->\n    \n    <div class=\"entry-thumbnail icon-only effect_5\">\n    <img loading=\"lazy\" decoding=\"async\" width=\"400\" height=\"400\" src=\"https:\/\/www.sglconstrucoes.pt\/inicio\/wp-content\/uploads\/2016\/12\/3-400x400.jpg\" alt=\"Reservat\u00f3rio a\u00e9reos 3\"\/>\n    <div class=\"entry-thumbnail-hover p-bg-rgba-color\">\n        <div class=\"entry-hover-wrapper\">\n            <div class=\"entry-hover-inner\">\n                                    <a class=\"item\" data-src=\"https:\/\/www.sglconstrucoes.pt\/inicio\/wp-content\/uploads\/2016\/12\/3.jpg\" title=\"698\">                        <i class=\"fa fa-search\"><\/i>                    <\/a>\n                            <\/div>\n        <\/div>\n    <\/div>\n\n<\/div>\n\n    <!-- Title bottom -->\n        <div class=\"portfolio-title-wrap bottom\">\n        <a href=\"https:\/\/www.sglconstrucoes.pt\/inicio\/portfolio\/reservatorio-aereos-3\/\" class=\"portfolio-title\">Reservat\u00f3rio a\u00e9reos 3<\/a>\n        <div class=\"portfolio-tag\"><\/div>\n    <\/div>\n    \n    <!-- @TODO: process media type -->\n    <div style=\"display: none\">\n    <\/div>\n<\/div>\n\n          \n          \n<div class=\"lightGallery-js portfolio-item hover-dir reservatorio  hover-align-center\">\n    <!-- Title top -->\n    \n    <div class=\"entry-thumbnail icon-only effect_5\">\n    <img loading=\"lazy\" decoding=\"async\" width=\"400\" height=\"400\" src=\"https:\/\/www.sglconstrucoes.pt\/inicio\/wp-content\/uploads\/2016\/12\/4-400x400.jpg\" alt=\"Reservat\u00f3rio enterrado\"\/>\n    <div class=\"entry-thumbnail-hover p-bg-rgba-color\">\n        <div class=\"entry-hover-wrapper\">\n            <div class=\"entry-hover-inner\">\n                                    <a class=\"item\" data-src=\"https:\/\/www.sglconstrucoes.pt\/inicio\/wp-content\/uploads\/2016\/12\/4.jpg\" title=\"696\">                        <i class=\"fa fa-search\"><\/i>                    <\/a>\n                            <\/div>\n        <\/div>\n    <\/div>\n\n<\/div>\n\n    <!-- Title bottom -->\n        <div class=\"portfolio-title-wrap bottom\">\n        <a href=\"https:\/\/www.sglconstrucoes.pt\/inicio\/portfolio\/instalacao-1\/\" class=\"portfolio-title\">Reservat\u00f3rio enterrado<\/a>\n        <div class=\"portfolio-tag\"><\/div>\n    <\/div>\n    \n    <!-- @TODO: process media type -->\n    <div style=\"display: none\">\n    <\/div>\n<\/div>\n\n          \n          \n<div class=\"lightGallery-js portfolio-item hover-dir redes-de-gas  hover-align-center\">\n    <!-- Title top -->\n    \n    <div class=\"entry-thumbnail icon-only effect_5\">\n    <img loading=\"lazy\" decoding=\"async\" width=\"400\" height=\"400\" src=\"https:\/\/www.sglconstrucoes.pt\/inicio\/wp-content\/uploads\/2016\/12\/8-400x400.jpg\" alt=\"Rede de g\u00e1s\"\/>\n    <div class=\"entry-thumbnail-hover p-bg-rgba-color\">\n        <div class=\"entry-hover-wrapper\">\n            <div class=\"entry-hover-inner\">\n                                    <a class=\"item\" data-src=\"https:\/\/www.sglconstrucoes.pt\/inicio\/wp-content\/uploads\/2016\/12\/8.jpg\" title=\"414\">                        <i class=\"fa fa-search\"><\/i>                    <\/a>\n                            <\/div>\n        <\/div>\n    <\/div>\n\n<\/div>\n\n    <!-- Title bottom -->\n        <div class=\"portfolio-title-wrap bottom\">\n        <a href=\"https:\/\/www.sglconstrucoes.pt\/inicio\/portfolio\/rede-de-gas\/\" class=\"portfolio-title\">Rede de g\u00e1s<\/a>\n        <div class=\"portfolio-tag\"><\/div>\n    <\/div>\n    \n    <!-- @TODO: process media type -->\n    <div style=\"display: none\">\n    <\/div>\n<\/div>\n\n          \n          \n<div class=\"lightGallery-js portfolio-item hover-dir instalacoes  hover-align-center\">\n    <!-- Title top -->\n    \n    <div class=\"entry-thumbnail icon-only effect_5\">\n    <img loading=\"lazy\" decoding=\"async\" width=\"400\" height=\"400\" src=\"https:\/\/www.sglconstrucoes.pt\/inicio\/wp-content\/uploads\/2016\/12\/5-400x400.jpg\" alt=\"Instala\u00e7\u00e3o de g\u00e1s\"\/>\n    <div class=\"entry-thumbnail-hover p-bg-rgba-color\">\n        <div class=\"entry-hover-wrapper\">\n            <div class=\"entry-hover-inner\">\n                                    <a class=\"item\" data-src=\"https:\/\/www.sglconstrucoes.pt\/inicio\/wp-content\/uploads\/2016\/12\/5.jpg\" title=\"602\">                        <i class=\"fa fa-search\"><\/i>                    <\/a>\n                            <\/div>\n        <\/div>\n    <\/div>\n\n<\/div>\n\n    <!-- Title bottom -->\n        <div class=\"portfolio-title-wrap bottom\">\n        <a href=\"https:\/\/www.sglconstrucoes.pt\/inicio\/portfolio\/instalacao-de-gas\/\" class=\"portfolio-title\">Instala\u00e7\u00e3o de g\u00e1s<\/a>\n        <div class=\"portfolio-tag\"><\/div>\n    <\/div>\n    \n    <!-- @TODO: process media type -->\n    <div style=\"display: none\">\n    <\/div>\n<\/div>\n\n          \n          \n<div class=\"lightGallery-js portfolio-item hover-dir reservatorio  hover-align-center\">\n    <!-- Title top -->\n    \n    <div class=\"entry-thumbnail icon-only effect_5\">\n    <img loading=\"lazy\" decoding=\"async\" width=\"400\" height=\"400\" src=\"https:\/\/www.sglconstrucoes.pt\/inicio\/wp-content\/uploads\/2016\/12\/6-400x400.jpg\" alt=\"Reservat\u00f3rio enterrado 2\"\/>\n    <div class=\"entry-thumbnail-hover p-bg-rgba-color\">\n        <div class=\"entry-hover-wrapper\">\n            <div class=\"entry-hover-inner\">\n                                    <a class=\"item\" data-src=\"https:\/\/www.sglconstrucoes.pt\/inicio\/wp-content\/uploads\/2016\/12\/6.jpg\" title=\"424\">                        <i class=\"fa fa-search\"><\/i>                    <\/a>\n                            <\/div>\n        <\/div>\n    <\/div>\n\n<\/div>\n\n    <!-- Title bottom -->\n        <div class=\"portfolio-title-wrap bottom\">\n        <a href=\"https:\/\/www.sglconstrucoes.pt\/inicio\/portfolio\/reservatorio-enterrado-2\/\" class=\"portfolio-title\">Reservat\u00f3rio enterrado 2<\/a>\n        <div class=\"portfolio-tag\"><\/div>\n    <\/div>\n    \n    <!-- @TODO: process media type -->\n    <div style=\"display: none\">\n    <\/div>\n<\/div>\n\n          \n          \n<div class=\"lightGallery-js portfolio-item hover-dir reservatorio  hover-align-center\">\n    <!-- Title top -->\n    \n    <div class=\"entry-thumbnail icon-only effect_5\">\n    <img loading=\"lazy\" decoding=\"async\" width=\"400\" height=\"400\" src=\"https:\/\/www.sglconstrucoes.pt\/inicio\/wp-content\/uploads\/2016\/12\/7-400x400.jpg\" alt=\"Reservat\u00f3rio enterrado 3\"\/>\n    <div class=\"entry-thumbnail-hover p-bg-rgba-color\">\n        <div class=\"entry-hover-wrapper\">\n            <div class=\"entry-hover-inner\">\n                                    <a class=\"item\" data-src=\"https:\/\/www.sglconstrucoes.pt\/inicio\/wp-content\/uploads\/2016\/12\/7.jpg\" title=\"423\">                        <i class=\"fa fa-search\"><\/i>                    <\/a>\n                            <\/div>\n        <\/div>\n    <\/div>\n\n<\/div>\n\n    <!-- Title bottom -->\n        <div class=\"portfolio-title-wrap bottom\">\n        <a href=\"https:\/\/www.sglconstrucoes.pt\/inicio\/portfolio\/reservatorio-enterrado-3\/\" class=\"portfolio-title\">Reservat\u00f3rio enterrado 3<\/a>\n        <div class=\"portfolio-tag\"><\/div>\n    <\/div>\n    \n    <!-- @TODO: process media type -->\n    <div style=\"display: none\">\n    <\/div>\n<\/div>\n\n          \n          \n<div class=\"lightGallery-js portfolio-item hover-dir reservatorio  hover-align-center\">\n    <!-- Title top -->\n    \n    <div class=\"entry-thumbnail icon-only effect_5\">\n    <img loading=\"lazy\" decoding=\"async\" width=\"400\" height=\"400\" src=\"https:\/\/www.sglconstrucoes.pt\/inicio\/wp-content\/uploads\/2016\/12\/2-400x400.jpg\" alt=\"Reservat\u00f3rio a\u00e9reos 2\"\/>\n    <div class=\"entry-thumbnail-hover p-bg-rgba-color\">\n        <div class=\"entry-hover-wrapper\">\n            <div class=\"entry-hover-inner\">\n                                    <a class=\"item\" data-src=\"https:\/\/www.sglconstrucoes.pt\/inicio\/wp-content\/uploads\/2016\/12\/2.jpg\" title=\"701\">                        <i class=\"fa fa-search\"><\/i>                    <\/a>\n                            <\/div>\n        <\/div>\n    <\/div>\n\n<\/div>\n\n    <!-- Title bottom -->\n        <div class=\"portfolio-title-wrap bottom\">\n        <a href=\"https:\/\/www.sglconstrucoes.pt\/inicio\/portfolio\/reservatorio-aereos-2\/\" class=\"portfolio-title\">Reservat\u00f3rio a\u00e9reos 2<\/a>\n        <div class=\"portfolio-tag\"><\/div>\n    <\/div>\n    \n    <!-- @TODO: process media type -->\n    <div style=\"display: none\">\n    <\/div>\n<\/div>\n\n                <\/div>\n      <!-- End Portfolio Wrap -->\n\n      <!-- Portfolio Paging -->\n        <\/div>\n<\/div>\n\n<script type=\"text\/javascript\">\n  (function ($) {\n    \"use strict\";\n    $(document).ready(function () {\n      var $tab_container = jQuery('#portfolio-6a04841f91f5d');\n      $('.portfolio-tabs .isotope-portfolio', $tab_container).off();\n      $('.portfolio-tabs .isotope-portfolio', $tab_container).click(function () {\n        $('.portfolio-tabs .isotope-portfolio', $tab_container).removeClass('active');\n        $('.portfolio-tabs li', $tab_container).removeClass('active');\n        $(this).addClass('active');\n        $(this).parent().addClass('active');\n        var dataSectionId = $(this).attr('data-section-id');\n        var filter        = $(this).attr('data-filter');\n        var $container    = jQuery('div[data-section-id=\"' + dataSectionId + '\"]').isotope({ filter: filter});\n        $container.imagesLoaded(function () {\n          $container.isotope('layout');\n        });\n      });\n      var $container = jQuery('div[data-section-id=\"6a04841f91f5d\"]');\n      $container.imagesLoaded(function () {\n        $container.isotope({\n          itemSelector: '.portfolio-item',\n          layoutMode: 'fitRows' \/\/ grid layout\n        }).isotope('layout');\n      });\n    });\n\n    $(document).ready(function () {\n            $('.portfolio-item.hover-dir > div.entry-thumbnail').hoverdir();\n            \n      PortfolioAjaxAction.init('https:\/\/www.sglconstrucoes.pt\/inicio\/wp-admin\/admin-ajax.php', '6a04841f91f5d');\n    })\n\n  })(jQuery);\n<\/script>[\/vc_column][\/vc_row][vc_row css=&#8221;.vc_custom_1642074765368{background-color: #111111 !important;}&#8221;][vc_column width=&#8221;1\/3&#8243; css=&#8221;.vc_custom_1642074782710{padding-top: 50px !important;padding-right: 40px !important;padding-bottom: 70px !important;padding-left: 40px !important;}&#8221;][vc_column_text css=&#8221;.vc_custom_1642072849119{padding-bottom: 50px !important;}&#8221;]<\/p>\n<h4 class=\"vc_custom_heading vc_custom_1482401887958\"><span style=\"color: #ffffff;\"><strong>SOBRE N\u00d3S<\/strong><\/span><\/h4>\n<p>[\/vc_column_text][vc_column_text]<\/p>\n<p style=\"text-align: justify;\"><span style=\"color: #ffffff;\">Fornecemos e executamos todo o tipo de instala\u00e7\u00f5es e redes de g\u00e1s.<br \/>\nInstalamos Reservat\u00f3rios de G\u00e1s em todo territ\u00f3rio nacional.<\/span><\/p>\n<p>[\/vc_column_text][\/vc_column][vc_column width=&#8221;1\/3&#8243; css=&#8221;.vc_custom_1642074819301{padding-top: 50px !important;padding-right: 40px !important;padding-bottom: 70px !important;padding-left: 40px !important;}&#8221;][vc_column_text css=&#8221;.vc_custom_1642073711617{padding-bottom: 50px !important;}&#8221;]<\/p>\n<h4 class=\"vc_custom_heading vc_custom_1482401887958\"><span style=\"color: #ffffff;\"><strong>PORTF\u00d3LIO<\/strong><\/span><\/h4>\n<p>[\/vc_column_text]<div class=\"portfolio-container\">\n  <div class=\"portfolio overflow-hidden   paging\"  id=\"portfolio-6a04841f95758\">\n      <!-- Portfolio Filter -->\n            <!-- End Portfolio Filter -->\n\n      <!-- Portfolio Wrapper -->\n      <div class=\"portfolio-wrapper bestruct-col-md-2  landscape hover-dir-on\"\n          data-section-id=\"6a04841f95758\"\n          id=\"portfolio-container-6a04841f95758\"\n          data-columns=\"2\">\n          \n          \n<div class=\"lightGallery-js portfolio-item hover-dir  hover-align-center\">\n    <!-- Title top -->\n    \n    <div class=\"entry-thumbnail icon-only effect_1\">\n    <img loading=\"lazy\" decoding=\"async\" width=\"480\" height=\"300\" src=\"https:\/\/www.sglconstrucoes.pt\/inicio\/wp-content\/uploads\/2016\/12\/1-480x300.jpg\" alt=\"Reservat\u00f3rio a\u00e9reos\"\/>\n    <div class=\"entry-thumbnail-hover p-bg-rgba-color\">\n        <div class=\"entry-hover-wrapper\">\n            <div class=\"entry-hover-inner\">\n                                    <a class=\"item\" data-src=\"https:\/\/www.sglconstrucoes.pt\/inicio\/wp-content\/uploads\/2016\/12\/1.jpg\" title=\"702\">                        <i class=\"fa fa-search\"><\/i>                    <\/a>\n                            <\/div>\n        <\/div>\n    <\/div>\n\n<\/div>\n\n    <!-- Title bottom -->\n        \n    <!-- @TODO: process media type -->\n    <div style=\"display: none\">\n    <\/div>\n<\/div>\n          \n          \n<div class=\"lightGallery-js portfolio-item hover-dir  hover-align-center\">\n    <!-- Title top -->\n    \n    <div class=\"entry-thumbnail icon-only effect_1\">\n    <img loading=\"lazy\" decoding=\"async\" width=\"480\" height=\"300\" src=\"https:\/\/www.sglconstrucoes.pt\/inicio\/wp-content\/uploads\/2016\/12\/3-480x300.jpg\" alt=\"Reservat\u00f3rio a\u00e9reos 3\"\/>\n    <div class=\"entry-thumbnail-hover p-bg-rgba-color\">\n        <div class=\"entry-hover-wrapper\">\n            <div class=\"entry-hover-inner\">\n                                    <a class=\"item\" data-src=\"https:\/\/www.sglconstrucoes.pt\/inicio\/wp-content\/uploads\/2016\/12\/3.jpg\" title=\"698\">                        <i class=\"fa fa-search\"><\/i>                    <\/a>\n                            <\/div>\n        <\/div>\n    <\/div>\n\n<\/div>\n\n    <!-- Title bottom -->\n        \n    <!-- @TODO: process media type -->\n    <div style=\"display: none\">\n    <\/div>\n<\/div>\n                <\/div>\n      <!-- End Portfolio Wrap -->\n\n      <!-- Portfolio Paging -->\n        <\/div>\n<\/div>\n\n<script type=\"text\/javascript\">\n  (function ($) {\n    \"use strict\";\n    $(document).ready(function () {\n      var $tab_container = jQuery('#portfolio-6a04841f95758');\n      $('.portfolio-tabs .isotope-portfolio', $tab_container).off();\n      $('.portfolio-tabs .isotope-portfolio', $tab_container).click(function () {\n        $('.portfolio-tabs .isotope-portfolio', $tab_container).removeClass('active');\n        $('.portfolio-tabs li', $tab_container).removeClass('active');\n        $(this).addClass('active');\n        $(this).parent().addClass('active');\n        var dataSectionId = $(this).attr('data-section-id');\n        var filter        = $(this).attr('data-filter');\n        var $container    = jQuery('div[data-section-id=\"' + dataSectionId + '\"]').isotope({ filter: filter});\n        $container.imagesLoaded(function () {\n          $container.isotope('layout');\n        });\n      });\n      var $container = jQuery('div[data-section-id=\"6a04841f95758\"]');\n      $container.imagesLoaded(function () {\n        $container.isotope({\n          itemSelector: '.portfolio-item',\n          layoutMode: 'fitRows' \/\/ grid layout\n        }).isotope('layout');\n      });\n    });\n\n    $(document).ready(function () {\n            $('.portfolio-item.hover-dir > div.entry-thumbnail').hoverdir();\n            \n      PortfolioAjaxAction.init('https:\/\/www.sglconstrucoes.pt\/inicio\/wp-admin\/admin-ajax.php', '6a04841f95758');\n    })\n\n  })(jQuery);\n<\/script>[\/vc_column][vc_column width=&#8221;1\/3&#8243; css=&#8221;.vc_custom_1642074831631{padding-top: 50px !important;padding-right: 40px !important;padding-bottom: 70px !important;padding-left: 40px !important;}&#8221;][vc_column_text css=&#8221;.vc_custom_1642073854660{padding-bottom: 50px !important;}&#8221;]<\/p>\n<h4 class=\"vc_custom_heading vc_custom_1482401887958\"><span style=\"color: #ffffff;\"><strong>HOR\u00c1RIO<\/strong><\/span><\/h4>\n<p>[\/vc_column_text][vc_column_text css=&#8221;.vc_custom_1646667768385{padding-bottom: 50px !important;}&#8221;]<span style=\"color: #ffffff;\">Segunda \u2013 Sexta: &#8230;&#8230;&#8230;&#8230;&#8230;&#8230;&#8230;&#8230;&#8230;&#8230;&#8230;&#8230;&#8230; 09:00 \u2013 18:30<\/span><\/p>\n<p><span style=\"color: #ffffff;\">S\u00e1bado e Domingo: &#8230;&#8230;&#8230;&#8230;&#8230;&#8230;&#8230;&#8230;&#8230;&#8230;&#8230;&#8230;&#8230;&#8230;&#8230; Fechado<\/span>[\/vc_column_text][\/vc_column][\/vc_row]<\/p>\n","protected":false},"excerpt":{"rendered":"<p>[vc_row layout=&#8221;wide&#8221; css=&#8221;.vc_custom_1737256608234{padding-bottom: 50px !important;}&#8221;][vc_column][\/vc_column][\/vc_row][vc_row css=&#8221;.vc_custom_1642074765368{background-color: #111111 !important;}&#8221;][vc_column width=&#8221;1\/3&#8243; css=&#8221;.vc_custom_1642074782710{padding-top: 50px !important;padding-right: 40px !important;padding-bottom: 70px !important;padding-left: 40px !important;}&#8221;][vc_column_text css=&#8221;.vc_custom_1642072849119{padding-bottom: 50px !important;}&#8221;] SOBRE N\u00d3S [\/vc_column_text][vc_column_text] Fornecemos e executamos todo o tipo de instala\u00e7\u00f5es e redes de g\u00e1s. Instalamos Reservat\u00f3rios de G\u00e1s em todo territ\u00f3rio nacional. [\/vc_column_text][\/vc_column][vc_column width=&#8221;1\/3&#8243; css=&#8221;.vc_custom_1642074819301{padding-top: 50px !important;padding-right: 40px !important;padding-bottom: 70px !important;padding-left: 40px !important;}&#8221;][vc_column_text&#8230;<\/p>\n","protected":false},"author":1,"featured_media":0,"parent":0,"menu_order":0,"comment_status":"closed","ping_status":"closed","template":"","meta":{"footnotes":""},"class_list":["post-3429","page","type-page","status-publish","hentry"],"_links":{"self":[{"href":"https:\/\/www.sglconstrucoes.pt\/inicio\/wp-json\/wp\/v2\/pages\/3429","targetHints":{"allow":["GET"]}}],"collection":[{"href":"https:\/\/www.sglconstrucoes.pt\/inicio\/wp-json\/wp\/v2\/pages"}],"about":[{"href":"https:\/\/www.sglconstrucoes.pt\/inicio\/wp-json\/wp\/v2\/types\/page"}],"author":[{"embeddable":true,"href":"https:\/\/www.sglconstrucoes.pt\/inicio\/wp-json\/wp\/v2\/users\/1"}],"replies":[{"embeddable":true,"href":"https:\/\/www.sglconstrucoes.pt\/inicio\/wp-json\/wp\/v2\/comments?post=3429"}],"version-history":[{"count":40,"href":"https:\/\/www.sglconstrucoes.pt\/inicio\/wp-json\/wp\/v2\/pages\/3429\/revisions"}],"predecessor-version":[{"id":4138,"href":"https:\/\/www.sglconstrucoes.pt\/inicio\/wp-json\/wp\/v2\/pages\/3429\/revisions\/4138"}],"wp:attachment":[{"href":"https:\/\/www.sglconstrucoes.pt\/inicio\/wp-json\/wp\/v2\/media?parent=3429"}],"curies":[{"name":"wp","href":"https:\/\/api.w.org\/{rel}","templated":true}]}}